, 863
What are the prime factors of 26302297?
7, 3757471
What are the prime factors of 26339785?
5, 79, 66683
List the prime factors of 88610392.
2, 13, 17, 50119
List the prime factors of 56171045.
5, 7, 751, 2137
List the prime factors of 247174439.
19, 31, 419651
List the prime factors of 417801062.
2, 7, 71, 420323
List the prime factors of 651327003.
3, 72369667
List the prime factors of 151557186.
2, 3, 11, 19, 6361
List the prime factors of 14665358.
2, 29, 8719
List the prime factors of 15435994.
2, 7, 1102571
What are the prime factors of 88505642?
2, 967, 45763
List the prime factors of 94303442.
2, 557, 84653
What are the prime factors of 42281767?
11, 499, 7703
List the prime factors of 34728093.
3, 17, 61
List the prime factors of 49688103.
3, 853, 19417
What are the prime factors of 20290364?
2, 1123, 4517
What are the prime factors of 432995160?
2, 3, 5, 13, 53, 5237
List the prime factors of 52912141.
52912141
What are the prime factors of 6133311046?
2, 3066655523
What are the prime factors of 128628168?
2, 3, 5359507
List the prime factors of 28670399.
28670399
List the prime factors of 155664943.
7, 23, 966863
List the prime factors of 26203164.
2, 3, 13, 23, 67, 109
List the prime factors of 125554459.
125554459
List the prime factors of 69553901.
69553901
What are the prime factors of 596062912?
2, 9313483
List the prime factors of 74426620.
2, 5, 23, 137, 1181
List the prime factors of 155612126.
2, 31, 1237, 2029
List the prime factors of 49863311.
49863311
What are the prime factors of 65216781?
3, 7, 1035187
List the prime factors of 582284837.
11393, 51109
List the prime factors of 4825937338.
2, 19, 31, 4096721
List the prime factors of 85368064.
2, 19, 17551
List the prime factors of 7881060.
2, 3, 5, 11, 11941
List the prime factors of 1159195777.
1159195777
What are the prime factors of 308729539?
83, 3719633
What are the prime factors of 143488329?
3, 23, 263, 7907
List the prime factors of 329904794.
2, 164952397
List the prime factors of 2698718025.
3, 5, 37, 83, 11717
What are the prime factors of 264270582?
2, 3, 19, 772721
What are the prime factors of 1702424657?
389, 4376413
What are the prime factors of 592893484?
2, 148223371
List the prime factors of 543930467.
29, 53, 353891
List the prime factors of 65641040.
2, 5, 59, 13907
List the prime factors of 1215122074.
2, 61, 2477, 4021
What are the prime factors of 6412506900?
2, 3, 5, 21375023
What are the prime factors of 140302539?
3, 13, 1199167
List the prime factors of 230843810.
2, 5, 67, 344543
List the prime factors of 156441305.
5, 83, 173, 2179
List the prime factors of 6615443474.
2, 5233, 632089
What are the prime factors of 2121963603?
3, 707321201
What are the prime factors of 61606429?
2309, 26681
What are the prime factors of 5200463?
43, 120941
What are the prime factors of 47337970?
2, 5, 4733797
List the prime factors of 146732459.
19, 7722761
What are the prime factors of 58428938?
2, 29214469
What are the prime factors of 53779466?
2, 13, 17, 281, 433
List the prime factors of 37531296.
2, 3, 11, 359
List the prime factors of 1636423279.
19, 86127541
List the prime factors of 67109283.
3, 43, 57803
What are the prime factors of 755317210?
2, 5, 6367, 11863
What are the prime factors of 47365992?
2, 3, 103, 2129
What are the prime factors of 123176614?
2, 11, 97, 197, 293
What are the prime factors of 3789812026?
2, 7, 11, 13, 61, 31033
List the prime factors of 46082931.
3, 15360977
What are the prime factors of 148052309?
148052309
What are the prime factors of 6556723972?
2, 37, 44302189
What are the prime factors of 962037635?
5, 13, 1753, 8443
What are the prime factors of 50562787?
11, 4596617
What are the prime factors of 35722942?
2, 61, 349, 839
What are the prime factors of 157748728?
2, 283, 69677
What are the prime factors of 73180560?
2, 3, 5, 101, 3019
List the prime factors of 517728231.
3, 311, 184969
What are the prime factors of 126056250?
2, 3, 5, 83
List the prime factors of 9807546.
2, 3, 7, 33359
List the prime factors of 411148877.
31, 13262867
What are the prime factors of 550101045?
3, 5, 13, 17, 31, 53, 101
What are the prime factors of 242926879?
13, 47, 397589
List the prime factors of 29441023.
53, 555491
List the prime factors of 939134710.
2, 5, 1399, 67129
What are the prime factors of 3939430976?
2, 13, 4734893
List the prime factors of 9777324.
2, 3, 19, 37, 61
What are the prime factors of 1974703431?
3, 37, 89, 199889
What are the prime factors of 139586624?
2, 1399, 1559
What are the prime factors of 327178477?
1913, 171029
What are the prime factors of 48232141?
48232141
List the prime factors of 33990084.
2, 3, 314723
What are the prime factors of 3111829759?
37, 257, 327251
What are the prime factors of 736350903?
3, 17, 101, 2803
What are the prime factors of 3790509780?
2, 3, 5, 63175163
List the prime factors of 551348924.
2, 7, 43, 173, 2647
List the prime factors of 158683032.
2, 3, 17, 129643
What are the prime factors of 78809600?
2, 5, 47, 131
What are the prime factors of 56184764?
2, 367, 38273
What are the prime factors of 51094032?
2, 3, 11, 96769
List the prime factors of 568164964.
2, 89, 379, 4211
What are the prime factors of 577278251?
11, 281, 186761
List the prime factors of 73606474.
2, 36803237
What are the prime factors of 120385254?
2, 3, 11, 19, 96001
List the prime factors of 5534433532.
2, 23369, 59207
List the prime factors of 197848976.
2, 13, 19, 3851
List the prime factors of 35921437.
5741, 6257
What are the prime factors of 1710912042?
2, 3, 7, 37, 41, 8951
List the prime factors of 8519433628.
2, 79, 101, 266933
What are the prime factors of 108683122?
2, 5347, 10163
List the prime factors of 47736759.
3, 7, 19, 181, 661
What are the prime factors of 39353683?
1831, 21493
List the prime factors of 3458735981.
4993, 692717
List the prime factors of 155858572.
2, 1877, 20759
List the prime factors of 808871684.
2, 2341, 86381
What are the prime factors of 913931259?
3, 29, 2477, 4241
List the prime factors of 2605485222.
2, 3, 29, 139, 149, 241
What are the prime factors of 1157697598?
2, 578848799
List the prime factors of 808105167.
3, 9976607
List the prime factors of 248934802.
2, 124467401
What are the prime factors of 73498656?
2, 3, 7, 11, 61, 163
List the prime factors of 7703465353.
1297, 5939449
List the prime factors of 1471443.
3, 490481
List the prime factors of 40299760.
2, 5, 19, 26513
What are the prime factors of 119133644?
2, 7, 269, 15817
List the prime factors of 145673268.
2, 3, 13, 109, 659
List the prime factors of 30820958.
2, 7, 71, 101, 307
What are the prime factors of 2005790555?
5, 23, 317, 55021
What are the prime factors of 23485335?
3, 5, 239, 6551
List the prime factors of 1144163061.
3, 491, 258919
What are the prime factors of 10903110?
2, 3, 5, 363437
List the prime factors of 4213221904.
2, 31, 8494399
What are the prime factors of 2018609167?
1901, 1061867
What are the prime factors of 3366715030?
2, 5, 7, 6870847
List the prime factors of 58005725.
5, 113, 20533
What are the prime factors of 173770719?
3, 17, 359, 9491
List the prime factors of 122415149.
1471, 83219
What are the prime factors of 374112241?
374112241
List the prime factors of 59605172.
2, 11, 1354663
List the prime factors of 183747262.
2, 103, 389, 2293
List the prime factors of 292641619.
229, 1277911
List the prime factors of 2550308192.
2, 107, 744833
What are the prime factors of 37170928?
2, 41, 56663
List the prime factors of 544421092.
2, 571, 238363
List the prime factors of 198036862.
2, 99018431
List the prime factors of 16029450.
2, 3, 5, 179, 199
List the prime factors of 420628472.
2, 11, 97, 49277
List the prime factors of 1665572623.
11, 13, 19, 23, 2423
What are the prime factors of 298477260?
2, 3, 5, 47, 35281
What are the prime factors of 238067465?
5, 47613493
List the prime factors of 327869792.
2, 919, 11149
What are the prime factors of 219439489?
37, 199, 29803
What are the prime factors of 183474072?
2, 3, 283139
List the prime factors of 178445954.
2, 787, 113371
What are the prime factors of 68788186?
2, 947, 36319
List the prime factors of 2664455.
5, 727, 733
List the prime factors of 913872747.
3, 47, 6481367
What are the prim